of 2*(z/4)/3?
3
Let t = -46 - -334. What is the tens digit of t?
8
Let l(h) be the second derivative of 5*h**3/3 - h**2/2 + h. What is the units digit of l(2)?
9
Let k(m) = m**2 + 4*m. Suppose 5*t + 4 = 4*t. Let i be k(t). Let f = i - -1. What is the units digit of f?
1
Let k = 10 + 28. What is the units digit of k?
8
Suppose 21 + 35 = -2*r. What is the units digit of ((-350)/r)/(1/4)?
0
Let b(a) = -2*a + 4*a - 1 + 0*a - 4. What is the units digit of b(10)?
5
Let b(w) = w**3 - 5*w**2 - 4*w + 2. Let n be ((-18)/(-10))/((-3)/(-10)). What is the units digit of b(n)?
4
Suppose 0*y - 196 = -4*y. Suppose -3*n = 2*n + 2*d - y, 2*n = 3*d + 31. What is the tens digit of n?
1
Let o = 4 + -4. Let l = o - -6. What is the units digit of l?
6
Suppose o = 5*o - 3*j - 341, 2*o = 5*j + 153. What is the tens digit of o?
8
Let w = -35 - -39. Let i(b) = -6*b**3 - b**2 + b - 6. Let z(v) = -v**3 - v**2 - v - 1. Let s(a) = i(a) - 5*z(a). What is the tens digit of s(w)?
2
Let i(a) = 23*a**2 - 5*a. Let v(d) = 81*d**2 - 18*d. Let j(r) = 18*i(r) - 5*v(r). What is the units digit of j(-1)?
9
Suppose 4*i = -2*t, -4*t + 16 = -0. Let g be i*(-1 - (-22)/4). What is the units digit of 3/g + (-93)/(-9)?
0
Suppose 0 = 2*k - 0 - 10, 3*k = -3*v + 21. Suppose -w - r + 6*r - 7 = 0, -3*w - v*r = -13. What is the units digit of w?
3
Let x(k) = k**2 - 2. Let p be x(2). Let m be (2/5)/(4/(-20)). What is the units digit of ((-1)/m)/(p/4)?
1
Suppose c - 6*c = -345. What is the units digit of c?
9
Suppose 37 = -14*l + 15*l. What is the tens digit of l?
3
Suppose 5*i = 6 - 1, i = 2*j - 3. Suppose -t - j*t = -12. What is the units digit of t?
4
Suppose -6*z - 407 = 13. What is the units digit of 1/(-7) + (-500)/z?
7
Let j = 3 + -1. Suppose j*t - 4*a = 106, t - 3*t + 3*a = -109. Let u = -40 + t. What is the units digit of u?
9
Let m(k) = -4*k + 1. Let c be m(-1). Let r = -4 - -8. Suppose 0 = -w + c*q + 28, -r*w + q + 42 = -w. What is the units digit of w?
3
Suppose -5*b - r - 1 = -8, 2*r - 3 = b. What is the units digit of (-74 - -2)/(-4)*b?
8
Let b = 83 - 37. What is the tens digit of b?
4
Suppose -7*q = -9*q - 114. What is the units digit of q*(2/(-6) + 0)?
9
Suppose -149 = 4*m + 71. Let g = -37 - m. What is the tens digit of g?
1
Let c(x) = -x**2 - 4*x + 5. Let l(v) = -v**2 + 8*v + 5. Let j be l(8). Let k = j - 9. What is the units digit of c(k)?
5
Let f(m) = 3*m + 6. Let k be f(-4). Let y = k - -19. What is the tens digit of y?
1
Let r = 5 - 4. Suppose 3 = q + b, -3*q + 2*b - r = 10. Let h(l) = -10*l + 1. What is the units digit of h(q)?
1
Let x = 12 + -15. What is the tens digit of x/(-9)*(68 - -1)?
2
Let c = 26 + -10. What is the tens digit of c?
1
Let w(j) = j - 6. Let r be w(8). Let a be (5 - r) + -4 + 1. Suppose a*m + 25 = 5*m. What is the units digit of m?
5
Suppose 0 = r - 5*j - 14, 2*j + 22 = r + j. What is the tens digit of r?
2
What is the hundreds digit of ((-2)/(8/(-35)))/((-35)/(-1400))?
3
Suppose w - 1270 = -9*w. What is the tens digit of w?
2
Let v(t) = t**2 + 5*t - 9. Let w = 9 - 3. Let u be ((-27)/w - -1)*2. What is the units digit of v(u)?
5
Let a = 33 + -13. What is the units digit of (0/4 + 2)*a?
0
Let t(g) = -18*g**3 + 3*g**2 + 5*g. What is the units digit of t(-2)?
6
Let v = -8 + 14. Let l(n) = n**2 - 4*n + 7. What is the tens digit of l(v)?
1
Let f(x) = x**3 - 4*x**2 + 3*x. Let u be f(3). Suppose -4*r + 9*r - 59 = -b, u = r + 2*b - 19. What is the tens digit of r?
1
Let y = 5 - -51. What is the units digit of y?
6
Suppose 126 = 3*y + 5*v, 5*y + 0*v + 4*v - 223 = 0. Let i = -31 + y. What is the tens digit of i?
1
Let c(v) = -v**3 + 3*v**2 - 2*v + 1. Let x(m) = m + 11. Let o be x(-9). What is the units digit of c(o)?
1
Let v be (-63)/(-2)*(-10)/(-15). What is the units digit of (-72)/(-7) - 6/v?
0
Let d(k) = k**3 - 10*k**2 + 9*k + 1. Let v be d(9). Let z = 9 - v. What is the units digit of z?
8
Suppose -5*y - 210 + 670 = 0. What is the tens digit of y?
9
Let z = 15 + -11. Suppose -5*w = -z*w - 29. What is the tens digit of w?
2
Let p(c) = -4*c - 9. What is the units digit of p(-8)?
3
Suppose -2*o + 7*o = -5*p + 45, 0 = 5*p - 4*o. Let l(m) = 2*m**2 - 6*m + 5. What is the tens digit of l(p)?
1
Let o = -471 + 693. What is the tens digit of o?
2
Suppose 2*a - 9 = -1. Suppose 0 = 3*g, -a*g - 15 = 2*o - 3*o. What is the units digit of o?
5
Let n(b) = 10*b**2 - 2*b - 10. What is the tens digit of n(-3)?
8
Let r(j) = -j**3 - 6*j**2 - 6*j + 2. Let d(b) = -b**3 - 9*b**2 + 5. Let z be d(-9). Suppose f + 0 = -z. What is the units digit of r(f)?
7
Suppose 2*k = -1 + 17. Let b = -7 + k. Suppose 5*m + 3*y - b = 0, 2*m - 2*y - 13 = y. What is the units digit of m?
2
Let g(c) = -c**2 - 8*c - 9. Let n be g(-6). Suppose 6 + 3 = n*s. What is the units digit of s?
3
Suppose -4*x = -2*x. Suppose x*p = p - 3. Suppose -p*f + 10 = 5*d - 36, -2*d + f + 14 = 0. What is the units digit of d?
8
Suppose 7*o = 2*o. Suppose -i - 4*s = -10, -4*i - 4*s + 15 + 25 = o. What is the units digit of i?
0
Let h(i) = i**3 - 2*i**2 + 4*i + 4. What is the tens digit of h(4)?
5
Let x(s) = -s**2 + 11*s - 9. What is the units digit of x(7)?
9
Let l(a) = -a**2 - a - 2. Let b be l(-3). Let j = b + 13. What is the units digit of j?
5
Let d(l) = l**3 - 4*l**2 - 5*l + 18. What is the units digit of d(7)?
0
Suppose -3*p + 20 = -2*o, 3 = -4*p - 5*o - 1. Suppose -36 = -4*s + 2*r + 90, -p*s = 5*r - 105. What is the tens digit of s?
3
Suppose 3*i + 80 = 3*j + 2*i, -i = -2*j + 55. Let l = -1 + j. What is the tens digit of l?
2
Let g(w) = 154*w**3 + w + 1. Let r be g(-1). Let i = -77 - r. Suppose 17 = -5*b + i. What is the tens digit of b?
1
Let v = 15 - 8. Let y = -4 + v. What is the units digit of y?
3
Let d = 47 + 84. What is the units digit of d?
1
Let h(m) = -m**3 + 9*m**2 + 11*m - 14. Let j be h(10). Let i(k) = k**2 + 5*k + 1. Let g be i(j). Let y = g + 8. What is the units digit of y?
5
Let i(z) = z**2 - 5*z + 6. Let x be i(4). What is the tens digit of ((-2)/(-4) - x)*-12?
1
Let w = 41 - 25. What is the units digit of w?
6
What is the units digit of 868/24 + 2/(-12)?
6
Let j(p) = -27*p - 6 + 34*p + p**2 - 2*p**2 + 1. What is the units digit of j(4)?
7
Let w = -2 + 4. Let d be (6/(-9))/(1/(-3)). Suppose -k - 16 = -d*i + 14, i - w*k - 21 = 0. What is the tens digit of i?
1
Suppose -6*o = -3*o - 12. What is the units digit of o?
4
Let b(t) = 21*t + 7. What is the units digit of b(7)?
4
What is the tens digit of ((-73)/1)/(-1 + 0)?
7
Suppose o - 11 = 7. What is the tens digit of o?
1
Suppose b + 88 = 5*b. What is the units digit of b?
2
Let z(d) = d**2 + d. Let r be 9/(-6)*8 + 0. Let q be 8/(-6)*(-18)/r. What is the units digit of z(q)?
2
Let h = -7 + 4. Let d = 9 - 5. Let y = d + h. What is the units digit of y?
1
Let i = -120 + 176. What is the tens digit of i?
5
Suppose 4*x + 12 = 0, 3*i + 0*i = -4*x - 3. What is the units digit of i?
3
Suppose 6*i - 6 = 3*i. Let y = 6 - 4. Suppose -i = -y*v + 2. What is the units digit of v?
2
Let j(m) = -m - 1. Let n(t) = 9. Let i(a) = j(a) + n(a). Let c be i(9). What is the units digit of (11 - 8)/(c/(-3))?
9
Let x(h) = h**3 + 2*h**2 - 5*h + 3. Let w be x(-4). Let k = 17 + w. What is the units digit of k?
8
Let u(v) = 5*v**2 + 4*v**3 + 1 - 3*v - 5*v**2. Let k be u(2). Suppose k = 3*z - 0*m - 3*m, -z + 1 = m. What is the units digit of z?
5
Let q = -39 + 57. What is the units digit of q?
8
Suppose -j - j + 5*h = -34, h = -2*j + 10. Let p(z) be the third derivative of z**4/24 - z**3/3 + z**2. What is the units digit of p(j)?
5
Suppose 0 = -3*z - z + 112. Suppose 0 = 6*h - 2*h - u - z, -u - 34 = -5*h. Let t = -5 + h. What is the units digit of t?
1
Let q(i) = -i + 26. What is the tens digit of q(-15)?
4
Let l be 16/28*14/4. Suppose -10 = l*x, 0 = 3*z + x + 2*x + 9. Suppose z*m = 3*t - 17 - 22, -3*m + 46 = 5*t. What is the units digit of t?
1
Let c = 11 - 6. What is the units digit of c?
5
Suppose 5*d + 0*n - 4*n = 218, 3*n - 9 = 0. What is the tens digit of d?
4
Let d(m) = 13 - 19*m + m**3 + 4*m + 11*m**2 + 4*m. Let r(l) = l - 7. Let t be r(-5). What is the units digit of d(t)?
1
Let g(w) = -w**3 - w**2 - 2*w - 1. Let a = 2 + -3. Let t be g(a). Let v = t + 1. What is the units digit of v?
2
Let f(g) be the first derivative of g**6/360 - g**5/30 + 5*g**4/24 - 2*g**3/3 + 5. Let o(t